50 is divided by 266?
232
What is the remainder when 735024 is divided by 1225?
24
What is the remainder when 15268 is divided by 236?
164
Calculate the remainder when 22920 is divided by 7609.
93
Calculate the remainder when 1260321 is divided by 57.
51
What is the remainder when 57960 is divided by 335?
5
What is the remainder when 29617 is divided by 19?
15
Calculate the remainder when 11240 is divided by 1122.
20
Calculate the remainder when 38240 is divided by 19116.
8
What is the remainder when 2933901 is divided by 6?
3
Calculate the remainder when 158487 is divided by 1843.
1832
What is the remainder when 8590 is divided by 80?
30
What is the remainder when 367505 is divided by 1201?
1200
Calculate the remainder when 1379 is divided by 624.
131
Calculate the remainder when 16241 is divided by 22.
5
Calculate the remainder when 393456 is divided by 382.
378
Calculate the remainder when 44612 is divided by 587.
0
What is the remainder when 4482 is divided by 763?
667
Calculate the remainder when 16576 is divided by 8275.
26
Calculate the remainder when 2091 is divided by 21.
12
Calculate the remainder when 20392 is divided by 36.
16
What is the remainder when 29162 is divided by 595?
7
Calculate the remainder when 7332 is divided by 230.
202
What is the remainder when 17586 is divided by 39?
36
What is the remainder when 1807 is divided by 575?
82
Calculate the remainder when 329525 is divided by 79.
16
Calculate the remainder when 558135 is divided by 291.
288
Calculate the remainder when 1809 is divided by 176.
49
What is the remainder when 400139 is divided by 60?
59
What is the remainder when 4099 is divided by 25?
24
What is the remainder when 2706 is divided by 27?
6
What is the remainder when 73872 is divided by 72?
0
What is the remainder when 20160 is divided by 39?
36
Calculate the remainder when 12997 is divided by 4320.
37
Calculate the remainder when 749783 is divided by 686.
671
Calculate the remainder when 2573 is divided by 65.
38
Calculate the remainder when 14865 is divided by 174.
75
What is the remainder when 63192 is divided by 31595?
2
Calculate the remainder when 31881 is divided by 31875.
6
Calculate the remainder when 37615 is divided by 52.
19
What is the remainder when 1227743 is divided by 183?
179
Calculate the remainder when 25518 is divided by 45.
3
Calculate the remainder when 16943 is divided by 8.
7
Calculate the remainder when 6324 is divided by 356.
272
What is the remainder when 6165 is divided by 2049?
18
Calculate the remainder when 7532 is divided by 199.
169
Calculate the remainder when 14063 is divided by 1692.
527
Calculate the remainder when 81769 is divided by 22.
17
Calculate the remainder when 18448 is divided by 1155.
1123
Calculate the remainder when 10619 is divided by 45.
44
Calculate the remainder when 1554 is divided by 134.
80
What is the remainder when 8873 is divided by 4422?
29
What is the remainder when 1474 is divided by 519?
436
Calculate the remainder when 4969 is divided by 1230.
49
What is the remainder when 452758 is divided by 70?
68
What is the remainder when 549270 is divided by 403?
384
Calculate the remainder when 12036 is divided by 185.
11
Calculate the remainder when 1192 is divided by 296.
8
What is the remainder when 907001 is divided by 41?
40
Calculate the remainder when 1603 is divided by 60.
43
What is the remainder when 360 is divided by 21?
3
Calculate the remainder when 16088 is divided by 18.
14
Calculate the remainder when 81539 is divided by 41.
31
Calculate the remainder when 19924 is divided by 87.
1
What is the remainder when 21886247 is divided by 92?
91
Calculate the remainder when 23587 is divided by 2274.
847
Calculate the remainder when 2739 is divided by 1201.
337
Calculate the remainder when 20412 is divided by 464.
460
What is the remainder when 15208 is divided by 5058?
34
Calculate the remainder when 1070635 is divided by 28.
27
What is the remainder when 1660 is divided by 131?
88
What is the remainder when 20115 is divided by 1541?
82
Calculate the remainder when 30218 is divided by 138.
134
What is the remainder when 29367 is divided by 130?
117
Calculate the remainder when 11184 is divided by 1396.
16
Calculate the remainder when 151387 is divided by 243.
241
What is the remainder when 98224 is divided by 11?
5
Calculate the remainder when 5331600 is divided by 19.
10
What is the remainder when 317250 is divided by 281?
1
What is the remainder when 208139 is divided by 614?
607
Calculate the remainder when 298582 is divided by 312.
310
Calculate the remainder when 19436 is divided by 19169.
267
What is the remainder when 262250 is divided by 32779?
18
Calculate the remainder when 50559 is divided by 411.
6
What is the remainder when 83810 is divided by 23?
21
Calculate the remainder when 11651 is divided by 312.
107
What is the remainder when 992 is divided by 489?
14
Calculate the remainder when 1833 is divided by 7.
6
What is the remainder when 3951 is divided by 233?
223
Calculate the remainder when 308968 is divided by 90.
88
Calculate the remainder when 76326 is divided by 329.
327
Calculate the remainder when 43566 is divided by 838.
828
What is the remainder when 66997 is divided by 250?
247
Calculate the remainder when 16946 is divided by 890.
36
Calculate the remainder when 921 is divided by 358.
205
What is the remainder when 315 is divided by 196?
119
What is the remainder when 16997 is divided by 4?
1
What is the remainder when 125649 is divided by 49?
13
Calculate the remainder when 1469598 is divided by 412.
406
Calculate the remainder when 8759 is divided by 31.
17
Calculate the remainder when 5649 is divided by 402.
21
What is the remainder when 12142 is divided by 14?
4
Calculate the remainder when 191140 is divided by 643.
169
Calculate the remainder when 12420 is divided by 245.
170
Calculate the remainder when 1235 is divided by 419.
397
Calculate the remainder when 430791 is divided by 107696.
7
Calculate the remainder when 772636 is divided by 877.
876
What is the remainder when 200024 is divided by 12?
8
Calculate the remainder when 19083 is divided by 69.
39
What is the remainder when 11468 is divided by 95?
68
Calculate the remainder when 1348483 is divided by 134848.
3
What is the remainder when 53831 is divided by 27?
20
What is the remainder when 74821 is divided by 200?
21
What is the remainder when 4293 is divided by 105?
93
What is the remainder when 10893 is divided by 197?
58
What is the remainder when 69128 is divided by 17282?
0
What is the remainder when 16861 is divided by 33?
31
Calculate the remainder when 12737 is divided by 6239.
259
What is the remainder when 9649 is divided by 112?
17
What is the remainder when 8743 is divided by 438?
421
What is the remainder when 7850 is divided by 105?
80
Calculate the remainder when 229387 is divided by 531.
526
What is the remainder when 971398 is divided by 13?
12
What is the remainder when 14234 is divided by 344?
130
What is the remainder when 73871 is divided by 148?
19
Calculate the remainder when 2995873 is divided by 1099.
1098
What is the remainder when 11204 is divided by 113?
17
Calculate the remainder when 37349 is divided by 7465.
24
Calculate the remainder when 100606 is divided by 102.
34
What is the remainder when 7898 is divided by 92?
78
What is the remainder when 27019 is divided by 25?
19
Calculate the remainder when 2055 is divided by 425.
355
Calculate the remainder when 8372 is divided by 43.
30
What is the remainder when 1623 is divided by 55?
28
What is the remainder when 366294 is divided by 157?
13
Calculate the remainder when 61140 is divided by 546.
534
Calculate the remainder when 1256249 is divided by 335.
334
Calculate the remainder when 27540 is divided by 706.
6
Calculate the remainder when 1598007 is divided by 164.
155
Calculate the remainder when 777 is divided by 212.
141
What is the remainder when 313796 is divided by 407?
406
What is the remainder when 1417 is divided by 489?
439
What is the remainder when 10354 is divided by 370?
364
What is the remainder when 30600 is divided by 31?
3
Calculate the remainder when 42493 is divided by 42.
31
Calculate the remainder when 258954 is divided by 23.
20
Calculate the rem